?
1
Let k = 44 + -42. Let h(d) = -7*d - 58. Let b be h(-9). Suppose k*f - f = -2, 4*f = -3*c - b. Let q(g) = g**2 - g + 1. What is q(c)?
1
Suppose 4*d - 46 - 87 = -3*v, 33 = d + v. Suppose -w + 16 - d = 0. Let c = -9 - w. Let i(y) = y**3 - 9*y**2 - 7. Determine i(c).
-7
Let n(q) = 3*q**3 - 11*q**2 + 17*q - 11. Let t(c) = -c**3 + 4*c**2 - 6*c + 3. Let d(i) = -2*n(i) - 7*t(i). Determine d(4).
1
Let g(o) = -2*o**2 - o + 21. Let a(i) = -i**2 - 3*i. Let p(r) = a(r) - g(r). Give p(6).
3
Let u be (-3)/5 - 198/(-55). Let o(s) = 3 + 3 - 11*s - u*s - 3. Give o(2).
-25
Let k be 5 + (0 - 1/(-2))*-24. Let g(c) = -c + 1. Let r(f) = 5*f - 8. Let a(b) = -4*g(b) - r(b). Calculate a(k).
11
Let t be 2 - (1/7 - (-105)/(-49)). Let w be ((-110)/5 + t)/(-2). Suppose -10 + 46 = -w*n. Let j(v) = -3*v - 5. Calculate j(n).
7
Let m(y) = -2*y**2 - 14*y**2 - 25*y + 23855 + 0*y**2 - y**3 - 23860. What is m(-14)?
-47
Let k(z) = -z**3 - 15*z**2 + 18*z + 44. Suppose 0 = -3*s - 5*y - 33, -2*s + 50 = 2*y + 76. Determine k(s).
12
Let x(a) = -14*a + 9 + 10 + 13*a + 2 - 22. Suppose k + 31 = -4*n + 2*k, 2*k = -5*n - 55. Calculate x(n).
8
Let v(o) = 10*o**2 - o + 1. Suppose -25*m = 1154 + 596. Let x be 4/14 - (200/m)/4. Calculate v(x).
10
Let j(w) = 492*w**2 - 2*w - 5 - 35*w - 223*w**2 - 270*w**2. Determine j(-37).
-5
Let t(h) = 2*h - 2. Let k(c) = -16*c - 54. Let z(a) = -2*k(a) - 20*t(a). Calculate z(18).
4
Let j(w) be the third derivative of w**6/120 - w**5/20 + w**4/24 + w**3/3 + 5153*w**2. Determine j(2).
0
Let b(v) = 33*v - 4 + 36*v - 13*v + 6. Calculate b(1).
58
Let m(d) be the third derivative of d**5/30 + d**4 - 125*d**3/2 + 2*d**2 - 28*d - 10. Determine m(9).
3
Suppose -j + 4*d = 19 - 29, d = -j. Let k(l) = 7152 - j*l - 7152. Suppose 2*t = -2 - 0. What is k(t)?
2
Let u(g) = g**2 + 5*g - 1. Let l be 10/14 + -1 + (-32)/(-14). Suppose -l*k + 42 = -22. Suppose -12 = -5*x - k. Determine u(x).
-5
Let f(z) be the first derivative of -4*z - 7/2*z**2 - 110. Determine f(5).
-39
Let k(s) = 451559*s + 61 + 4*s**3 - 451611*s - 23*s**2 - 3*s**3. Determine k(25).
11
Let w be ((-45)/10)/(36/48). Let l(a) be the first derivative of -3*a + 1/2*a**2 - 10. Determine l(w).
-9
Let n(y) = -y + 29. Suppose 3*d = -a + 6, 2*a - 33 + 21 = d. Determine n(a).
23
Let z(l) be the second derivative of 37*l**5/20 - l**4/4 + 5*l**3/6 - 3*l**2/2 + 4*l + 89. What is z(1)?
36
Let j(t) = -2*t**2 + 5*t - 6. Let d(x) = -x + 1. Let o(z) = -2*d(z) + j(z). Give o(6).
-38
Let i = 8450 + -8460. Let r(f) = -f**2 + 7*f + 183. Determine r(i).
13
Let i(q) = -2*q**2 + 34*q + 7. Let n be (2 - (-30)/(-18)) + (-3 - 372/(-18)). Calculate i(n).
-29
Let g(j) = -5*j - 4. Suppose 61 = 22*x + 17. Suppose -x*z + 4*b - 24 = 0, 0*b - 25 = 5*z - 3*b. Give g(z).
6
Let s(d) be the first derivative of -d**6/360 + d**5/15 - 5*d**4/24 + 34*d**3/3 + 14. Let r(b) be the third derivative of s(b). Let p = 24 + -17. Give r(p).
2
Let j(b) be the second derivative of b**5/20 + 13*b**4/12 - 2*b**3 + 39*b**2/2 - 1036*b. Determine j(-14).
11
Let c(l) = -l**2 + 14*l + 20. Let r(i) = -i**3 - 77*i**2 - 1018*i + 133. Let x be r(-60). Give c(x).
33
Let s(k) be the second derivative of -k**5/20 - 17*k**4/12 + 13*k**3/2 + 5*k**2 + 1693*k - 3. Determine s(-19).
-9
Let j(v) = -3*v. Let t(q) = q**2 + 13*q - 32. Let f be t(-16). Let a be 1/(-6)*9*f/(-6). Give j(a).
-12
Suppose -5*y - 450 = -5*b, -5*y - 176 = -3*b + 272. Let p = -90 - y. Let i(o) = 6*o**3 - 2*o**2 - 2*o - 1. What is i(p)?
-7
Let h be 117/(-72) + (-9)/24. Let j be -9 - h - (-3 + 2)*4. Let r(x) = -x**2 - 2*x - 3. Give r(j).
-6
Let z be ((-35)/(-7) - 0)*-1. Let r(h) = h**3 + 6*h**2 + 10*h + 11. What is r(z)?
-14
Let k(i) = -56 + 261 - 94 - i - 99. Let j be (-118)/(-10) + (-2)/(-10). Calculate k(j).
0
Let y(j) = -6*j + 16. Let f = -11382 - -11374. What is y(f)?
64
Let w(l) = l**3 + 4*l**2 - 8*l + 5. Let z be w(-5). Let u(h) = 19*h - 4 + 2 - 40*h + z*h + 1. Calculate u(-1).
0
Let d = 577/5 + -1119/10. Let o(s) be the second derivative of d*s**2 + s**3 + 1/12*s**4 + 0 + 11*s. Determine o(-6).
7
Let q(y) = -2*y**2 - 9*y. Let r(h) be the third derivative of -h**5/60 + h**4/6 - h**3 + 29*h**2 - 3. Let a be r(0). Give q(a).
-18
Let m(h) = h**3 + 2*h**2 - 3*h - 2. Let j(q) = q**2 - 18*q + 29. Let f be j(17). Let n be (1 - (-120)/(-25)) + f/15. Determine m(n).
-2
Let v be -1 + (3/(-2))/((-30)/(-80)). Let y(f) = -4*f**2 + 3*f + 3. Let r(b) = -b**2 + 1. Let g(m) = v*r(m) + y(m). Determine g(1).
2
Let k(a) = 978*a - 192*a - 194*a - 192*a - 196*a - 12 - 203*a. Suppose 0*z - 5 = z. Let q(p) = 2*p**2 + 6*p - 7. Let n be q(z). Calculate k(n).
1
Let q = -3416 - -3416. Let r(i) = -i**2 - i - 22. What is r(q)?
-22
Let i = 281 + -275. Let q be (10/4*1)/(3/i). Let v(o) = -o**3 + 7*o**2 - 8*o + 6. Calculate v(q).
16
Let w(v) be the second derivative of -2*v**3/3 - 146*v. Calculate w(-1).
4
Let k(s) = 2. Let p(u) = -2*u - 5. Let h = -144 + 145. Let f(q) = h*k(q) - p(q). Calculate f(-7).
-7
Let a(j) be the first derivative of j**4/2 + j**3/3 + j**2 + 6*j - 4132. Give a(-3).
-45
Let a(u) = -u**3 - 8*u**2 - 21*u - 49. Let o be a(-6). Let q(c) = c**2 - 3*c - 3. Let d(k) = 2*k**2 - 5*k - 7. Let h(l) = -2*d(l) + 5*q(l). Calculate h(o).
-1
Let t(c) = -2 - 4*c**2 + c**2 - c + 2*c**2. Let q be 680/24*(4 + -7). Let x be (-1)/(1/2)*q/85. Determine t(x).
-8
Let v(u) = u**2 - 8*u + 2. Let q(s) = -8. Let x = 113 + -111. Let h(o) = -o. Let l(f) = x*h(f) - q(f). Let a be l(1). Determine v(a).
-10
Suppose 0 = -w + 3*i - 2, -7*w + 6 = -2*w + i. Let g(o) be the second derivative of o**4/6 + o**2/2 + o. Give g(w).
3
Let l(r) = 5*r**3 + 2*r**2 - 16*r + 7. Let b(q) = q**3 - q**2 - 1. Let h(j) = 6*b(j) - l(j). Let s be 5 - 21/(6 - 27). Determine h(s).
11
Let x(c) be the second derivative of -c**4/12 - 2*c**3 - 3*c**2 - c. Let b be -8 + (60/(-24))/((-5)/(-6)). What is x(b)?
5
Let f(z) = 801*z**2 + 2*z - 1454*z**2 + z**3 + 9 + 647*z**2 + z. Let u = 4 - -1. Determine f(u).
-1
Suppose -7*r + 24 = -4*r. Let g = 10 - r. Suppose -g*d + 21 = d. Let b(y) = y**2 - 5*y - 9. What is b(d)?
5
Suppose -3*w - 5*q + 43 + 3 = 0, -w = -3*q + 8. Let k(c) = -4 - c**2 - w + 6 + 10 + 8*c. Calculate k(10).
-15
Let b(a) = 6 - 17 + 4 + 6. Let f(g) be the third derivative of -g**6/120 + 2*g**5/15 - g**4/12 + 2*g**3/3 + 4*g**2 + 1. Let x(s) = 6*b(s) - f(s). Give x(8).
6
Let c(i) = 2*i - 3*i - 3 + 3. Let l be (-308)/24*-2 - 2/(-6). Suppose 4 = -4*d + f - 5*f, 5*d + l = 2*f. What is c(d)?
4
Let d(z) = 10 + 3*z**3 - 4*z**2 - 5*z - 4*z**3 + 2*z**3 + 0*z. Let y = -39556 + 39560. What is d(y)?
-10
Let n(t) = 17*t**3 - 62*t**2 + 6*t + 4. Let c(l) = 18*l**3 - 82*l**2 + 8*l + 5. Let q(f) = -3*c(f) + 4*n(f). Determine q(1).
13
Suppose -4*l - 19 = -p, 2*l - 2*p = -133 + 119. Let w(d) = -19*d - 68. Give w(l).
8
Let c = -277 - -277. Let z be (8/14)/(14/49). Let d(u) = -u**3 + 5*u**2 - z*u**2 - u - 3 - 2*u**2. Determine d(c).
-3
Let g(b) be the first derivative of b**4/4 - 22*b**3/3 - 21*b**2/2 - 46*b - 1825. Determine g(23).
0
Let a be 1*-10*65/10. Let g be 58/14 - (2 - a/(-35)). Let m(o) = -5*o + g - o - 9 + 4. What is m(-2)?
11
Let n(p) = 2*p**3 - 15*p**2 - 8*p + 1. Suppose -239*v = -242*v - 3*z + 36, -3*v - 5*z + 44 = 0. Determine n(v).
1
Let t(y) = 7. Let m(g) = 10*g - 18. Let j(n) = -2*m(n) - 9*t(n). What is j(2)?
-67
Let r be 2/(-4*(-1)/(-6)). Let j(m) = -110*m + 11. Let t be j(-2). Let o(f) = -463*f + t*f + 235*f. Give o(r).
-9
Let f(t) be the second derivative of -1/6*t**3 + 1/20*t**5 + 16*t + t**2 + 0*t**4 + 0. Let s(h) = -h**3 - 5*h**2. Let p be s(-5). Determine f(p).
2
Let v(y) = 8*y**2 - 71*y - 7. Let u be v(9). Let i(n) = -2*n**3 + n**2 + 3*n - 6. What is i(u)?
-12
Let p(z) = -5*z + 38. Suppose -5*v = -3*m - 42, v - m + 0*m = 8. Let w be p(v). Let y(h) = h**2 + 8*h + 4. Determine y(w).
-3
Let k(h) = 0*h + 2*h - 5*h + 69 - 75. Suppose 6 = 3*u, 0 = -2*q + q + 4*u - 12. Determine k(q).
6
Let d be (80/(-15))/(91/273). Let r(j) = 14*j + 204. Calculate r(d).
-20
Let f(l) = -l**2 - 1. Let p(n) = -n**2 + 11*n + 3. Let x be p(7). Suppose 2*j = -2*a + 22, -x = -4*a + j - 12. Let o be (4/a)/(44/(-66)). What is f(o)?
-2
Let x(z) be the first derivative of -29/2*z**2 - 1/60*z**5 + 0*z + 5/24*z**4 + 2/3*z**3 + 4. Let w(n) be the second derivative of x(n). What is w(6)?
-2
Let f = 